0*i**3 - 4*i + 1/12*i**4 + 2*i**2. Determine g(0).
4
Let h(s) = -s**3 - 3*s**2 - s. Let c be h(-3). Let j be (-2 - 0) + (0 - c). Let o(p) = p**3 + 5*p**2 + 3*p + 2. Give o(j).
-13
Let v = 0 + 0. Suppose 4*i = 2*x - 4 - v, 4*i + 6 = 3*x. Let r(d) = i*d - d + 2*d + 1. What is r(-1)?
0
Let v(c) = 2 + 7 + 0*c - 2 - c. Determine v(-6).
13
Let q = -3 + 6. Let y(n) be the second derivative of n**7/2520 - n**6/360 + n**5/120 + n**4/6 + 3*n. Let z(o) be the third derivative of y(o). Calculate z(q).
4
Let a = 4 + -5. Let l(g) = -4*g**2 + 2*g + 1. Give l(a).
-5
Let b = -8 - -12. Let z(t) be the third derivative of 1/2*t**3 + 1/4*t**b + 0 + 0*t - 2*t**2 + 1/60*t**5. Give z(-3).
-6
Let f(k) = k**2 - 4*k + 2. Let l = -2 + 4. Suppose -c = -l*c + 4. Calculate f(c).
2
Let p(o) = -3 - 5*o + 11*o + 2 + 2. Let w(h) = 2*h - 6. Let l be w(7). Let c be (-2)/4 + (-4)/l. What is p(c)?
-5
Let i = 8 + -5. Let a(t) = -2*t**2 + t - 6*t**i + 7*t**3 - t. Let f be 6/(-4)*2/(-3). Give a(f).
-1
Let f(s) = 3*s**2 + 8*s - 1. Let r(u) = 5*u**2 + 15*u - 2. Let g(q) = -11*f(q) + 6*r(q). Calculate g(2).
-9
Let r(t) = t - 5. Let x(h) = -h + 1. Let d(y) = -r(y) - 4*x(y). Suppose 7*a - 24 = 3*a. Let n = a + -5. Determine d(n).
4
Let j(w) = w**2 - 10*w - 6. Suppose 0 = 8*n - 5*n - 30. Determine j(n).
-6
Suppose -d + 1 = 3*x + 10, 0 = -3*d - 2*x - 20. Let q(z) = z**2 + 5*z - 5. What is q(d)?
1
Let i(x) be the first derivative of x**2 - 3 - 1/6*x**3 + 3*x. Let m(s) be the first derivative of i(s). What is m(6)?
-4
Suppose 2*b = 4*b + 26. Let p be (-148)/52 + 2/b. Let u(c) = c**2 + 2*c - 1. What is u(p)?
2
Let w(i) = 2*i. Let d = -68 + 64. Give w(d).
-8
Let p(i) = 2*i + 1. Let v be 6 - 3/6*2. Suppose -2 = d + v*w, -3*d + 8*d + 3*w - 56 = 0. Suppose -5*c = -2*c - 5*b, b = -2*c - d. What is p(c)?
-9
Let o = 8 + -8. Suppose o = -5*x + 8*x + 9. Let u(a) = a**3 + 3*a**2 + 4. What is u(x)?
4
Let w(a) = -a**2 + 4*a - 3. Let o(r) = r**2 - 3*r + 6. Let i be o(3). Determine w(i).
-15
Let h = 4 + -6. Let k be 6/(-3)*(h + -2). Let p(c) = -1 - k*c - 3 + 2*c**2 - 3*c**2. Calculate p(-5).
11
Let o(a) be the first derivative of a**3/3 + 3*a**2/2 - 6*a + 5. Suppose -5*u + 128 = -2*p, -2*u + 2*p = 4*p - 54. Let n be u/(-6) - 2/3. Give o(n).
4
Let v(f) be the second derivative of f**4/12 + 2*f**3/3 - f**2/2 - 35*f. Let p be 0 + 1 - (6 - 2). Give v(p).
-4
Let n(s) = s - 4*s - 5*s**2 + 40 + s**3 - 35 - 5*s. Determine n(6).
-7
Let c(f) be the second derivative of 0 - 2*f - 3*f**2 + 2/3*f**3 + 1/12*f**4. Let r be 2 + -1 - 12/2. Calculate c(r).
-1
Let g(x) be the third derivative of x**5/60 + x**4/4 + x**3/6 - x**2. Let h(n) = n**2 + 4*n - 8. Let c be h(-6). Let k = 0 - c. Give g(k).
-7
Let r(f) = 2*f + 11. Let d(l) = -2*l - 12. Let n(q) = -6*d(q) - 7*r(q). Determine n(-5).
5
Let o(g) = g**3 + 4*g**2 - 6*g - 2. Let w = 16 - 21. Give o(w).
3
Let g(y) be the second derivative of -13*y**4/12 + y**3/6 + 25*y. Give g(1).
-12
Let p(d) be the second derivative of d**4/12 - 5*d**3/6 - 4*d**2 + d. Suppose 6 = 3*y, 2*x - 1 - 3 = y. Let c = 3 + x. What is p(c)?
-2
Let a(n) be the first derivative of -n**2/2 + 2*n - 9. What is a(7)?
-5
Let g(f) = -f + 5. Suppose h + 3 = 2*s + 7, 32 = 5*h + 2*s. Determine g(h).
-1
Let t(n) = 4*n + 4. Let m(v) = -3*v - 8. Let j(c) = 3*c + 9. Let q(u) = -3*j(u) - 4*m(u). Let f(i) = -5*q(i) + 4*t(i). Give f(5).
-4
Suppose 0 = -9*u + 14*u - 10. Let a be ((-10)/(-6) + -1)*6. Let k(p) = 5 - a - 2*p - 3. Calculate k(u).
-6
Let b(c) = -c**3 + 2*c**2 + 5*c - 4. Let d be b(3). Let z(x) = -5*x + 0*x + 1 - x**d + 2*x + 5*x. What is z(2)?
1
Suppose 0 = 3*o - 15, 4*b - b - 4*o - 1 = 0. Let m(n) = -n**2 + 6*n - 2. Determine m(b).
-9
Suppose 3*z = -4*n - 52 - 8, 5*n + z = -64. Let a = n - -7. Let u = 5 + a. Let l(p) = p - 7. Give l(u).
-7
Let r(y) = 4*y - 2. Let a be 6/33 - 318/(-66). Calculate r(a).
18
Let m(u) = -u**3 - 2*u**2 - 3*u + 2. Let z(q) = -2*q**3 - 3*q**2 - 7*q + 5. Let n(o) = -7*m(o) + 3*z(o). Let b be n(-5). Let h(f) = -14*f + 1. Calculate h(b).
-13
Let a(t) = -t + 4. Let d be a(-4). Let v(x) = -x**2 + 7*x + 11. Determine v(d).
3
Let l(m) = m**2 + 9*m + 3. Let z be l(-9). Let o(y) = 0*y - 7 + 2*y**3 - 6*y**3 + 3*y**z + y. Determine o(0).
-7
Let t(u) be the second derivative of -u**5/20 + 5*u**4/12 - 2*u**2 - 36*u. Calculate t(3).
14
Let r(j) = -6 + 2*j + 2 - 2 + 4. Give r(5).
8
Let z = 2 + 2. Let s(n) = 5*n + 0 - n**3 - 1 + 2*n**2 + n**2. What is s(z)?
3
Let b be 42/8 - 1/4. Suppose 0*g - 3*g + b*q = -19, g - 3*q - 13 = 0. Let r(c) = c**3 + 4*c**2 + 2*c. Calculate r(g).
4
Let p(m) = 2*m - 14. Let n be p(8). Let d(y) = -y - n*y + 1 - 4*y. Calculate d(1).
-6
Let f(b) be the third derivative of -b**4/24 - b**3/3 + b**2. Let t be 10/15 + 10/3. Suppose -x = -t*x - 9. What is f(x)?
1
Let g(r) = 5*r - 4. Let q = 21 + -18. Determine g(q).
11
Let f(b) = -4*b**3 + 3*b**2 + 5*b + 9. Suppose 2*s + 0 - 8 = 0. Let o(u) = 3*u**3 - 3*u**2 - 4*u - 8. Let l(x) = s*f(x) + 5*o(x). Calculate l(-3).
-4
Let t = -1 + 5. Let o(g) be the third derivative of g**5/30 - g**4/4 - 8*g**2. Give o(t).
8
Let d(r) be the second derivative of r**3/6 + 9*r**2 + 2*r. Let y be d(-8). Let k = 6 - y. Let q(t) = 3*t + 4. Determine q(k).
-8
Let w(k) be the first derivative of -17*k**2/2 - k + 2. Determine w(1).
-18
Let y(p) be the second derivative of -p**3/6 + 6*p**2 - p. Let i(c) = -4*c**3 + 2*c**2 - c - 2. Let f be i(-1). Determine y(f).
7
Suppose 0 = -a - 4*t + 24, 4*a = -5*t + 45 + 7. Let i(r) = 10 - 12*r + a - 2*r. Let l(x) = 5*x - 6. Let d(n) = 6*i(n) + 17*l(n). Determine d(0).
6
Let w(a) = 5*a - a**3 + a**2 - 3*a - 2 + a**2. Suppose -4*b = -5*d + 33, 24 = 2*d - 3*b + 5*b. Let r = d - 7. Give w(r).
2
Let m(f) = f**2 - 13*f + 15. Let x be m(12). Let s be (x/2)/(10/(-20)). Let w(g) be the second derivative of g**5/20 + g**4/4 + g**3/3 + g. Give w(s).
-6
Let l(t) = 8 + 2*t**2 - 3*t**2 - 17 - 7*t. Determine l(-6).
-3
Let r be (-35)/(-11) - (-12)/(-66). Suppose 0 = -0*a - r*a. Let b(p) = a*p + p - 4*p + 5*p + 6. Determine b(-5).
-4
Let y(g) = g**2 - g + 1. Let a(p) = 4*p**2 - 6*p + 5. Let b(v) = a(v) - 3*y(v). Give b(2).
0
Let w(t) = -t**3 - 7*t**2 - t - 3. Let l = -10 - -17. Suppose -o - l + 0 = 0. Determine w(o).
4
Let d(b) = -8 - b + 10 + 1. What is d(-4)?
7
Suppose 0 = 5*r + 3*b - 29, 2*r - 5*b = -2*r + 1. Let s(u) = 0*u**2 - 3*u**2 + r*u**2 - 7*u + 2*u + 4. Let n(l) = -2*l - 3. Let w be n(-3). What is s(w)?
-2
Let k(x) = -8*x**2 + 1. Let i be 3/(-2)*44/(-66). Give k(i).
-7
Suppose 4*j - 10 = 2*j. Let y be j/30 + 2/(-12). Let z be 3/(-3)*(y - -3). Let o(f) = f**3 + 4*f**2 + 4*f - 1. What is o(z)?
-4
Let k = -10 - -14. Let o(b) = k + b - 3 - 3 + 4. Give o(-3).
-1
Let q(x) = 3*x**2 + x. Suppose 3*r + 4*n - 21 = -6, -4*r = 4*n - 16. Determine q(r).
4
Let p(k) be the second derivative of k**4/12 + k**3/6 - 2*k. Suppose 11 = -36*q - 97. Give p(q).
6
Let s(h) = h**2 - h - 4. Suppose 21*z - 23*z = -6. Give s(z).
2
Suppose -3*y + 6 = 5*r, 2*y - 3 = -5*r + 1. Suppose 15 = 5*n - r*n. Let u(f) be the second derivative of f**3/2 - f**2 - 2*f. Give u(n).
7
Suppose 2*v + 1 = -i, -3*v + 4*v + 5*i + 23 = 0. Let t(b) = -b**3 + b**2 + 2*b. Give t(v).
0
Let j(b) be the second derivative of b**3/3 + 3*b**2/2 + 13*b. Give j(-2).
-1
Let i = 9 - 4. Let v = i - -5. Let p(r) = r - 14. Let d be p(v). Let s(o) = -o - 1. What is s(d)?
3
Let o be ((-68)/85)/((-2)/(-20)). Let d(n) = 2*n + 12. Calculate d(o).
-4
Let i(x) = x**3 - 6*x**2 + 4*x - 2. Let m(t) = 2*t - 13. Let w = -4 - -13. Let b be m(w). Calculate i(b).
-7
Let v(c) be the first derivative of c**5/20 + c**4/3 - 5*c**3/6 - c**2 - 3*c - 3. Let f(y) be the first derivative of v(y). What is f(-5)?
-2
Suppose 0 = -3*o - 2*o. Let j(f) = -f**3 + f**2 - f - 1. Give j(o).
-1
Let p(u) = 8*u - 10*u - 6*u**2 + 4*u - u**3 - 3. Give p(-6).
-15
Let u(o) be the first derivative of -1/6*o**4 + 1/120*o**6 + 0*o + 1 + 1/15*o**5 + 1/2*o**3 - o**2. Let n(z) be the second derivative of u(z). Determine n(-5).
-2
Let c(v) = 5*v - 1. Let o(r) = r. Let m(q) = -c(q) + 6*o(q). Let n(f) = 2*f**3 + 3*f**2 - 2*f - 1. Let z be n(1). Calculate m(z).
3
Let g(r) = 4*r + 2. Let i(a) = -9*a - 5. Let p(f) = -10*g(f) - 4*i(f). Calculate p(-2).
8
Let m(f) = 5*f**3 + 12*f**2 - 8*f. Let w(z) = 4*z**3 + 11*z**2 - 7*z + 1. Let s(v) = 5*m